2, 3, 5
Let c(d) = -5*d**2 + 2*d + 1. Let t be c(-1). Let b be ((-5)/15)/(1/(-6)). List the prime factors of 88/12 + b/t.
7
Let n be 2/7 - 52/(-14). Suppose n*t - t = 6. Suppose r = -3*x + 2*r + 22, t*x = -2*r + 20. List the prime factors of x.
2
Let c(g) = g + 1. Let d be c(-2). Let t be 106/6 - d/3. Suppose t + 2 = 2*u. What are the prime factors of u?
2, 5
Suppose 0 = 2*v - 3 - 3. Suppose -v*m - 46 = -2*m. List the prime factors of 3/12 + m/(-8).
2, 3
Suppose -6*x - 32 + 122 = 0. List the prime factors of x.
3, 5
Let o(s) be the second derivative of -s**3/6 + 8*s**2 - 2*s. What are the prime factors of o(8)?
2
Suppose 3*b - 4 - 8 = 2*o, 5*b = -4*o - 2. List the prime factors of (-20)/o - (-4)/12.
7
Let n(w) = w**2 - 4*w. Let h be n(4). Suppose -g + h*g = 0. Suppose 3*j + 4*d = -j + 32, j - 2*d - 14 = g. What are the prime factors of j?
2, 5
Let g(x) = -x**3 + 2*x**2 + 4*x - 5. Let h be g(4). Let j = 15 + h. Let t = j - -14. List the prime factors of t.
2
Suppose h - 94 + 4 = 0. Let o = h + -60. List the prime factors of o.
2, 3, 5
Let z = 73 - 47. Suppose -3*l + l = -z. List the prime factors of l.
13
What are the prime factors of (-81)/(-2) - 3/6?
2, 5
Let p be (5 - 11) + 4 + -2. What are the prime factors of (6/p)/((-6)/40)?
2, 5
Let j(x) = -14*x + 10. Let b be j(-6). Let u = b + -60. What are the prime factors of u?
2, 17
Let c = 39 + -27. What are the prime factors of c?
2, 3
Suppose 0 = -2*f + 7*f. Suppose -4*l + f*l - 228 = -4*w, 2*w - 129 = 5*l. What are the prime factors of w?
2, 13
Let n(p) = 3*p + 10*p - 4*p. Let w be (-3 - 12/(-4)) + 1. List the prime factors of n(w).
3
Let f be (-12)/66 - 64/11. Let t = 8 + f. List the prime factors of t.
2
Let d = -41 + 208. What are the prime factors of d?
167
Suppose -4*m = 2*n - 8, 0*n - 3*n = 3*m. Suppose -3*t + 9 = 3*x, -2*x - 3*x - m*t + 20 = 0. Suppose -3*f - x + 44 = 0. List the prime factors of f.
2, 3
Suppose 5*q - 28 = -8, 4*q = 4*j + 8. Let f(x) be the second derivative of x**3/6 + 7*x. List the prime factors of f(j).
2
Let y(l) = -l + 11. Let k be y(9). Suppose 0 = -5*w - 4*s + 151, -k*s - 88 = -4*w + 3*s. List the prime factors of w.
3
Let c = 3 + -6. Let s(u) = -6*u + 2. List the prime factors of s(c).
2, 5
Let a = 12 + 6. What are the prime factors of (12/9)/(2/a)?
2, 3
Suppose -v + 29 = 4*r, -4*v - 27 = -4*r - 3*v. Suppose k = -5 + r. List the prime factors of k.
2
Let k = 77 + -108. Let i = k + 66. What are the prime factors of i?
5, 7
Let z be 1 + ((-3)/(-3) - -43). Suppose -5*d + 18 = 4*w, -5*w + 9*d - 4*d = -z. What are the prime factors of w?
7
Suppose -4*t + 989 - 233 = 4*o, 6 = -3*o. List the prime factors of t.
191
Let j be 1/2 + (-15)/(-6). Let b(t) = j*t + 6*t - t - t**2 + 5. What are the prime factors of b(7)?
2, 3
Let b(t) = t**2 - 4*t. Let m be b(4). Suppose -2*o = -m*o - 6. Suppose 9 = -0*s + o*s. What are the prime factors of s?
3
Suppose 0 = -5*k + n + 3*n + 26, -2*k - 2*n = 4. Let b be 2*2*6/8. Suppose 2*x - s = -k*s + b, 0 = -2*x + 3*s + 23. List the prime factors of x.
2
Let d(j) = j**3 - 7*j**2 + 6*j - 2. Let f be (-1)/(1 + (-12)/10). Let r be d(f). List the prime factors of r/(-4)*10/5.
11
Suppose 0 = 49*p - 51*p + 602. List the prime factors of p.
7, 43
Let s(f) = 0*f**2 - 5 - 2*f**2 - 4*f + 0 + f**3. Let m = -7 - -11. What are the prime factors of s(m)?
11
What are the prime factors of (1 - -145)*(-2)/(-4)*1?
73
List the prime factors of -3 + 96/4 + 3.
2, 3
Let g(v) = 9*v - 5. What are the prime factors of g(4)?
31
Suppose 0 = -j + 5*z + 230, 5*j - 3*z - z = 1171. List the prime factors of j/20 - 1/(-4).
2, 3
Let g(u) = u**3 + 4*u**2 - 8*u - 4. List the prime factors of g(-4).
2, 7
Let y(r) = r**2 + 2*r - 1. Let o be y(-3). Let b = 13 - 5. Suppose -b = -o*a - 0*a. List the prime factors of a.
2
Let v(c) = -4*c - 6*c**3 + 7 + 6 + 5*c**2 - 11. Let w(x) = -3*x**3 + 3*x**2 - 2*x + 1. Let z(h) = -3*v(h) + 5*w(h). List the prime factors of z(1).
2
Let z(t) = -t**3 + 5*t**2 - 4*t. Let k be z(3). Let l be (-52 - k)/(0 - 2). Suppose 0 = -3*u - 5*j + l, 3 = 3*u - 5*j - 16. List the prime factors of u.
2
Let u be (-5)/((-10)/(-4)) - 13. Let y = -7 - u. What are the prime factors of y?
2
Let c(o) be the second derivative of o**5/20 - o**4/12 + o**3/6 - 4*o. Let j(r) = -3*r**2 + 5*r + 3. Let u(q) = -2*c(q) + j(q). List the prime factors of u(-2).
3
Suppose 2*a = a. Let b = a + -3. List the prime factors of (2 - (-58)/(-6))*b.
23
Let p(k) = -4*k - 3. Let y be p(-2). Suppose 0 = -2*v - o + y, v - o - 2 = 2. What are the prime factors of v?
3
Suppose 0*s = -3*s + 9. What are the prime factors of s?
3
Let s(p) = -p**2 - p + 7. Let g be s(-3). Let v(l) = 22*l + 2. List the prime factors of v(g).
2, 3
Suppose 0*i + 2*i = 32. What are the prime factors of i?
2
Suppose r - 5*p + 18 = 0, r - 2*p = -6*p + 18. Suppose r*o + k + 4*k - 81 = 0, 5*o + 2*k = 213. What are the prime factors of o?
43
Let d(k) = 3*k - 15. Let g be d(5). Let i(y) = 7*y**2 + 3. Let n(u) = 4*u**2 + 1. Let v(w) = 3*i(w) - 5*n(w). What are the prime factors of v(g)?
2
Suppose 5*t + 4*y = -0*y + 220, -2*t + 4*y = -116. List the prime factors of t.
2, 3
Let p = -11 + 16. Suppose 3*v = p*u + 8*v - 120, -4*v + 116 = 5*u. List the prime factors of u.
2, 5
Let s be 4/(-10) + 24/10. Let y = -10 + 13. Suppose -5*j + 23 = -2*n, -5*j - n = -y*j - s. What are the prime factors of j?
3
Let c = 5 + 28. What are the prime factors of c?
3, 11
Suppose 2*w + 8 = w. Let x = w - -14. Let b = x + 2. What are the prime factors of b?
2
Suppose 3*b = 4*b - 26. Suppose x = -5*f + b, -f - 49 = -5*x + f. List the prime factors of x.
11
Suppose -3*g + 6*g - 196 = l, -3*g - 2*l + 193 = 0. List the prime factors of g.
5, 13
Suppose -4*a + 6*a + 8 = 0. Suppose 15 = 4*h - 13. Let m = h + a. What are the prime factors of m?
3
Let m(u) = u**3 - 2*u**2 - 2*u - 4. Let f be m(3). Let y(a) = 7*a + 1. Let n be y(f). Let d = 11 + n. List the prime factors of d.
5
Suppose -3*t + 7*t = 260. List the prime factors of t.
5, 13
Suppose -2*p - 3*q + 132 = q, 2*q + 318 = 5*p. What are the prime factors of p?
2
Suppose 4*c = -5*r + 29, 2*c + r = 10 + 9. What are the prime factors of c?
11
What are the prime factors of 2 + (182/8)/((-4)/(-16))?
3, 31
Let x(y) = -y + 10. Let k be x(5). Suppose k*z - 7 = 63. Let w = -3 + z. What are the prime factors of w?
11
Let f = 12 + 9. List the prime factors of f.
3, 7
Let q(o) = o + 5. Let k be q(8). Suppose -2 + k = m. Suppose -6*w + 3*w + 47 = -5*i, -3*w - 4*i = -m. What are the prime factors of w?
3
Let u(t) = -25*t**2 + 2*t - 3. Let q be u(3). What are the prime factors of (-7)/(-49) + q/(-14)?
2
Let n = 1 - -10. List the prime factors of n.
11
Suppose -301 = -6*q - q. What are the prime factors of q?
43
Let c = -87 + 160. What are the prime factors of c?
73
Let h = 3 + -4. What are the prime factors of h + 12 + (-3 - -3)?
11
Let p be (-1 - 2) + 0 - -3. Suppose m - 3 - 1 = p. List the prime factors of m/(-10) - (-128)/20.
2, 3
Let k = 3 - -28. What are the prime factors of k?
31
Suppose 1 - 26 = -g. What are the prime factors of g?
5
Let i = 85 - 61. What are the prime factors of (i/(-2))/((-12)/16)?
2
Let v(b) = b**2 - 4*b - 6. Suppose i = -3*s - 3 + 1, s = i - 2. Let r = 7 + s. List the prime factors of v(r).
2, 3
Let b = 43 + -31. Let r = 7 + b. Suppose 4*s - r = s + x, -3*s = 2*x - 16. List the prime factors of s.
2, 3
Let i be 12/6 + 1 + 1. Suppose -i*x + 60 = 12. What are the prime factors of x?
2, 3
Suppose -8*b = -3*b - 10. Suppose 17 = b*l - o, -4*o + 30 = 4*l - 10. List the prime factors of l.
3
Suppose 45 = -19*l + 24*l. List the prime factors of l.
3
Let q = -5 - -2. Let w = 1 + q. Let v = 13 - w. What are the prime factors of v?
3, 5
Let t = -8 + 83. What are the prime factors of t?
3, 5
Let a = -7 + 27. Suppose -8*h - 60 = -2*h. Let g = a + h. What are the prime factors of g?
2, 5
Let b be 0 + (-10 - -3) + 0. What are the prime factors of 2/b - (-284)/14?
2, 5
Suppose 2*q + 0 - 2 = w, 2 = q. Let b be (-4)/(-3)*(-3)/w. Let n(l) = 3*l**2 - l - 1. What are the prime factors of n(b)?
13
Suppose 4*p = -2*u + 10, -2*u + 4*u + 4 = 3*p. Suppose -14 = -5*r + 1. Suppose 0 = 5*z - r*h + p, -6*h + 12 = 2*z - 4*h. What are the prime factors of z?
2
Suppose 2*g + 4*s - 2 - 6 = 0, 2*s - 2 = 0. Suppose 4*w + 4